{"id":439,"date":"2023-06-01T18:24:45","date_gmt":"2023-06-02T00:24:45","guid":{"rendered":"http:\/\/beaver.mx\/?page_id=439"},"modified":"2024-06-25T18:40:07","modified_gmt":"2024-06-25T18:40:07","slug":"politicas-de-privacidad","status":"publish","type":"page","link":"https:\/\/www.apolonce.com\/portalapolonce\/wordpress\/politicas-de-privacidad","title":{"rendered":"Pol\u00edticas de privacidad"},"content":{"rendered":"<div class=\"wpb-content-wrapper\"><p>[vc_row full_width=&#8221;stretch_row_content_no_spaces&#8221; parallax=&#8221;content-moving&#8221; css=&#8221;.vc_custom_1710978875563{padding-top: 150px !important;background-image: url(https:\/\/www.apolonce.com\/portalapolonce\/wordpress\/wp-content\/uploads\/2024\/03\/bg-apolonce-titles.svg?id=841) !important;background-position: center;background-repeat: no-repeat !important;background-size: cover !important;}&#8221;][vc_column][vc_column_text]<\/p>\n<h1 class=\"page-title-h1\">Pol\u00edticas de privacidad<\/h1>\n<p>[\/vc_column_text][vc_single_image image=&#8221;827&#8243; img_size=&#8221;full&#8221; alignment=&#8221;center&#8221; css=&#8221;.vc_custom_1710978882805{margin-bottom: 0px !important;padding-bottom: 0px !important;}&#8221;][\/vc_column][\/vc_row][vc_row css=&#8221;.vc_custom_1685663928960{padding-top: 80px !important;padding-bottom: 80px !important;}&#8221;][vc_column][vc_column_text]<\/p>\n<h2 class=\"txtcenter\">Nuestra pol\u00edtica<\/h2>\n<p>[\/vc_column_text][vc_empty_space][vc_column_text css_animation=&#8221;fadeInUp&#8221;]<\/p>\n<p class=\"justify\">1. Responsable del tratamiento de datos personales <strong>Apolonce, S.A de C.V.<\/strong> (en lo sucesivo <strong>\u201cLA EMPRESA\u201d<\/strong>) con domicilio ubicado en calle Soledad # 58, Interior 1, colonia Centro, alcald\u00eda Cuauht\u00e9moc, Ciudad de M\u00e9xico, C\u00f3digo Postal 06060, correo electr\u00f3nico <a href=\"mailto:sistemas@apolonce.com\">sistemas@apolonce.com<\/a>, tel\u00e9fonos 5517701193 y 5531423231, es responsable del tratamiento de sus datos personales recabados de manera personal, telef\u00f3nica, correo electr\u00f3nico y\/o a trav\u00e9s del sitio web <strong>www.apolonce.com<\/strong> (en lo sucesivo el <strong>\u201cSitio Web\u201d<\/strong>).<\/p>\n<p>[\/vc_column_text][vc_column_text css_animation=&#8221;fadeInUp&#8221;]2. Datos personales que ser\u00e1n tratados<\/p>\n<p><strong>\u201cLA EMPRESA\u201d <\/strong>podr\u00e1 recabar los siguientes datos personales:<\/p>\n<p><strong>\u2022 DATOS DE IDENTIFICACI\u00d3N<\/strong><\/p>\n<p class=\"cmleft\">a) Nombre(s) y apellidos<\/p>\n<p class=\"cmleft\">b) Nombre de usuario<\/p>\n<p class=\"cmleft\">c) Correo electr\u00f3nico<\/p>\n<p class=\"cmleft\">d) Contrase\u00f1a<\/p>\n<p class=\"cmleft\">e) Compa\u00f1\u00eda<\/p>\n<p class=\"cmleft\">f) Tel\u00e9fono<\/p>\n<p><strong>\u2022 DATOS SOBRE LA EMPRESA<\/strong><\/p>\n<p class=\"cmleft\">a) Nombre o Denominaci\u00f3n\/Raz\u00f3n Social<\/p>\n<p class=\"cmleft\">b) Rama productiva a la que pertenece<\/p>\n<p class=\"cmleft\">c) Correo electr\u00f3nico para habilitar usuario administrador<\/p>\n<p class=\"cmleft\">d) Tel\u00e9fono<\/p>\n<p class=\"cmleft\">e) Representante legal<\/p>\n<p><strong>\u2022 DATOS FISCALES<\/strong><\/p>\n<p class=\"cmleft\">a) R\u00e9gimen Fiscal<\/p>\n<p class=\"cmleft\">b) Rama productiva a la que pertenece<\/p>\n<p class=\"cmleft\">c) Registro Federal de Contribuyentes (RFC)<\/p>\n<p class=\"cmleft\">d) Nombre o Denominaci\u00f3n\/Raz\u00f3n Social<\/p>\n<p class=\"cmleft\">e) Domicilio<\/p>\n<p class=\"cmleft\">f) Correo electr\u00f3nico para documentaci\u00f3n fiscal<\/p>\n<p class=\"cmleft\">g) Tel\u00e9fono<\/p>\n<p class=\"cmleft\">h) Representante legal<\/p>\n<p>[\/vc_column_text][vc_column_text css_animation=&#8221;fadeInUp&#8221;]3. Finalidades Del Tratamiento De Datos Personales<\/p>\n<p class=\"justify\">Los datos personales especificados en la secci\u00f3n anterior ser\u00e1n utilizados para las siguientes finalidades:<\/p>\n<p><strong>\u2022 FINALIDADES NECESARIAS PARA EL CUMPLIMIENTO DE LA RELACI\u00d3N ENTRE LA EMPRESA Y EL CLIENTE<\/strong><\/p>\n<p class=\"cmleft\">I. Para prestarle los servicios disponibles a trav\u00e9s del Sitio Web<\/p>\n<p class=\"cmleft\">II. Para identificaci\u00f3n, operaci\u00f3n y administraci\u00f3n.<\/p>\n<p class=\"cmleft\">III. Informarle sobre cambios sobre los Servicios, Sitio Web, Contrato de Prestaci\u00f3n de Servicios T\u00e9rminos y Condiciones de Uso, y Aviso de Privacidad.<\/p>\n<p><strong>\u2022 FINALIDADES SECUNDARIAS:<\/strong><\/p>\n<p class=\"cmleft\">I. Para enviarle informaci\u00f3n publicitaria, promocional de y de terceros.<\/p>\n<p class=\"cmleft\">II. Para fines de mercadotecnia, publicidad y prospecci\u00f3n comercial.<\/p>\n<p class=\"justify\">En caso de que en cualquier momento usted desee que los datos personales recabados no sean utilizados para cualquiera de las finalidades secundarias descritas en la presente secci\u00f3n deber\u00e1 enviar un correo electr\u00f3nico con su solicitud a <a href=\"mailto:sistemas@apolonce.com\">sistemas@apolonce.com<\/a> la o las finalidades para las cuales no desea que sus datos personales sean tratados.<\/p>\n<p>[\/vc_column_text][vc_column_text css_animation=&#8221;fadeInUp&#8221;]4. Transferencia de datos personales<\/p>\n<p class=\"justify\">Los datos para la generaci\u00f3n, validaci\u00f3n, y certificaci\u00f3n que ingrese en el Sitio Web para la emisi\u00f3n de <strong>CFDIs<\/strong> ser\u00e1n transferidos a nuestro <strong>Proveedor de Certificaci\u00f3n de CFDIS<\/strong> con la finalidad de que \u00e9ste le proporcione dichos Servicios y ser\u00e1n tratados por este de conformidad con su <strong>Aviso de Privacidad<\/strong>. Al marcar la casilla &#8220;Acepto el Contrato de Prestaci\u00f3n de Servicios y el Aviso de Privacidad\u201d usted consiente expresamente la transferencia de datos personales establecida anteriormente.<\/p>\n<p class=\"justify\"><strong>\u201cLA EMPRESA\u201d<\/strong> podr\u00e1 transferir sus datos identificativos, de contacto y de facturaci\u00f3n a sociedades controladoras, subsidiarias o afiliadas o a una sociedad matriz o a cualquier sociedad del mismo que opere bajo los mismos procesos y pol\u00edticas internas. Por otro lado, sus datos personales ser\u00e1n transferidos cuando la transferencia sea necesaria o legalmente exigida para la salvaguarda de un inter\u00e9s p\u00fablico, o para la procuraci\u00f3n o administraci\u00f3n de justicia; cuando la transferencia sea precisa para el reconocimiento, ejercicio o defensa de un derecho en un proceso judicial, y cuando la transferencia sea precisa para el mantenimiento o cumplimiento de una relaci\u00f3n jur\u00eddica entre el responsable y el titular. Las anteriores transferencias no requieren de su consentimiento toda vez que se encuentran previstas el art\u00edculo 37 de la Ley Federal de Protecci\u00f3n de Datos Personales en Posesi\u00f3n de los Particulares.<\/p>\n<p>[\/vc_column_text][vc_column_text css_animation=&#8221;fadeInUp&#8221;]5. Medios para ejercer los derechos de acceso, cancelaci\u00f3n u oposici\u00f3n.<\/p>\n<p class=\"justify\">De conformidad con la Ley de Datos Personales en Posesi\u00f3n de Particulares y sujeto a las excepciones previstas en el mismo usted cuenta con los derecho de acceso, rectificaci\u00f3n, cancelaci\u00f3n u oposici\u00f3n con relaci\u00f3n a los datos personales recabados por <strong>\u201cLA EMPRESA\u201d<\/strong><\/p>\n<p class=\"justify\">Para ejercer los derechos de acceso, rectificaci\u00f3n, cancelaci\u00f3n y oposici\u00f3n anteriormente usted o su representante deber\u00e1n presentar solicitud por escrito enviada al domicilio o correo electr\u00f3nico de <strong>\u201cLA EMPRESA\u201d<\/strong> <a href=\"mailto:sistemas@apolonce.com\">sistemas@apolonce.com<\/a>. L\u00edder mismo que se especifica en el punto I del presente Aviso de Privacidad con la informaci\u00f3n y documentaci\u00f3n siguiente:<\/p>\n<p class=\"cmleft\">A. Su nombre y domicilio, correo electr\u00f3nico u otro medio para comunicarle la respuesta a su solicitud.<\/p>\n<p class=\"cmleft\">B. Los documentos que acrediten su identidad, es decir, copia simple en formato impreso o electr\u00f3nico de cualquier identificaci\u00f3n oficial, o, en su caso, la representaci\u00f3n de su representante, es decir, copia simple en formato impreso o electr\u00f3nico de carta poder simple con su firma aut\u00f3grafa, la de dos testigos, el mandatario y las correspondientes copias simples en formato impreso o electr\u00f3nico de las identificaciones oficiales de dichas personas.<\/p>\n<p class=\"cmleft\">C. La descripci\u00f3n clara y precisa de los datos personales respecto de los que busca ejercer alguno de los derechos anteriormente se\u00f1alado.<\/p>\n<p class=\"cmleft\">D. Cualquier otro elemento o documento que facilite la localizaci\u00f3n de sus datos personales<\/p>\n<p class=\"cmleft\">E. En el caso de las solicitudes de rectificaci\u00f3n de datos personales, deber\u00e1 tambi\u00e9n indicar las modificaciones a realizarse y aportar la documentaci\u00f3n que sustente su petici\u00f3n.<\/p>\n<p class=\"justify\">Salvo que usted expresamente se\u00f1ale que desea recibir respuesta por un medio diverso <strong>\u201cLA EMPRESA\u201d<\/strong> responder\u00e1 a su solicitud a trav\u00e9s del correo electr\u00f3nico proporcionado en sus solicitud en un plazo m\u00e1ximo de veinte d\u00edas, contados desde la fecha en que se recibi\u00f3 la solicitud de acceso, rectificaci\u00f3n, cancelaci\u00f3n u oposici\u00f3n, su determinaci\u00f3n adoptada, a efecto de que, si resulta procedente, se haga efectiva la misma dentro de los quince d\u00edas siguientes a la fecha en que se le comunique la respuesta. Trat\u00e1ndose de solicitudes de acceso a datos personales, <strong>\u201cLA EMPRESA\u201d<\/strong> proceder\u00e1 con su entrega previa acreditaci\u00f3n de su identidad del solicitante o de su representante legal, seg\u00fan corresponda.<\/p>\n<p>[\/vc_column_text][vc_column_text css_animation=&#8221;fadeInUp&#8221;]6. Mecanismos y procedimientos para que, en su caso, revoque su consentimiento en cualquier momento.<\/p>\n<p class=\"justify\">Usted podr\u00e1 en cualquier momento revocar el consentimiento que ha otorgado para el tratamiento de los datos personales recabados de acuerdo con el presente <strong>Aviso de Privacidad<\/strong>. Para ello, es necesario que siga el siguiente procedimiento: Presentar una solicitud por escrito debidamente firmada, dirigida a <strong>\u201cLA EMPRESA\u201d<\/strong>, en el domicilio que aparece en el primer punto del presente Aviso de Privacidad o mediante correo electr\u00f3nico a la direcci\u00f3n <a href=\"mailto:sistemas@apolonce.com\">sistemas@apolonce.com<\/a> a efecto de iniciar el procedimiento respectivo. Deber\u00e1 se\u00f1alar con precisi\u00f3n si desea revocar su consentimiento para todas las autorizaciones que el presente Aviso de Privacidad prev\u00e9 o s\u00f3lo para alguna o algunas de ellas. De igual forma, deber\u00e1 proporcionar los datos que permitan su identificaci\u00f3n como usuario. <strong>\u201cLA EMPRESA\u201d<\/strong> dar\u00e1 respuesta a su solicitud de revocaci\u00f3n en un plazo de 30 d\u00edas naturales contados a partir del d\u00eda en que se reciba su solicitud.<\/p>\n<p>En caso de que usted revoque su consentimiento <strong>\u201cLA EMPRESA\u201d<\/strong> no podr\u00e1 prestarle los Servicios por lo que se considerar\u00e1 que dicha solicitud implica la cancelaci\u00f3n voluntaria de los Servicios de conformidad con el Contrato de Prestaci\u00f3n de Servicios.[\/vc_column_text][vc_column_text css_animation=&#8221;fadeInUp&#8221;]<\/p>\n<p class=\"justify\">7. Medios para limitar el uso o divulgaci\u00f3n de sus datos personales En caso de que no desee recibir correos electr\u00f3nicos informativos o publicitarios usted deber\u00e1 enviar un correo electr\u00f3nico a la direcci\u00f3n <a href=\"mailto:sistemas@apolonce.com\">sistemas@apolonce.com<\/a> o, en su caso, seguir el procedimiento que se establezca en dichos correos. El cliente a trav\u00e9s de la cuenta de <strong>&#8220;EL USUARIO&#8221;<\/strong> administrador podr\u00e1 limitar y controlar los permisos internos de los dem\u00e1s usuarios habilitados respecto de la informaci\u00f3n que estos pueden generar y\/o visibilizar a trav\u00e9s de los Servicios.<\/p>\n<p>[\/vc_column_text][vc_column_text css_animation=&#8221;fadeInUp&#8221;]<\/p>\n<p class=\"justify\">8. Procedimiento y medio por el cual se le comunicar\u00e1n los cambios al <strong>Aviso de Privacidad<\/strong><\/p>\n<p class=\"justify\"><strong>\u201cLA EMPRESA\u201d<\/strong> se reserva el derecho de efectuar en cualquier momento modificaciones al presente <strong>Aviso de Privacidad (en adelante el \u201cAviso de Privacidad Modificado\u201d)<\/strong>. Estas modificaciones se podr\u00e1n a su disposici\u00f3n mediante correo electr\u00f3nico o trav\u00e9s del <strong>Sitio Web<\/strong>.<\/p>\n<p>[\/vc_column_text][vc_column_text css_animation=&#8221;fadeInUp&#8221;]9. Legislaci\u00f3n aplicable<\/p>\n<p class=\"justify\">El presente <strong>Aviso de Privacidad<\/strong> se regir\u00e1 e interpretar\u00e1 de acuerdo con las leyes Mercantiles (C\u00f3digo de Comercio) aplicables de los Estados Unidos Mexicanos.<\/p>\n<p>[\/vc_column_text][\/vc_column][\/vc_row]<\/p>\n<\/div>","protected":false},"excerpt":{"rendered":"<p>[vc_row full_width=&#8221;stretch_row_content_no_spaces&#8221; parallax=&#8221;content-moving&#8221; css=&#8221;.vc_custom_1710978875563{padding-top: 150px !important;background-image: url(https:\/\/www.apolonce.com\/portalapolonce\/wordpress\/wp-content\/uploads\/2024\/03\/bg-apolonce-titles.svg?id=841) !important;background-position: center;background-repeat: no-repeat !important;background-size: cover !important;}&#8221;][vc_column][vc_column_text] Pol\u00edticas de privacidad [\/vc_column_text][vc_single_image image=&#8221;827&#8243; img_size=&#8221;full&#8221; alignment=&#8221;center&#8221; css=&#8221;.vc_custom_1710978882805{margin-bottom: 0px !important;padding-bottom: 0px !important;}&#8221;][\/vc_column][\/vc_row][vc_row css=&#8221;.vc_custom_1685663928960{padding-top: 80px !important;padding-bottom: 80px !important;}&#8221;][vc_column][vc_column_text] Nuestra pol\u00edtica [\/vc_column_text][vc_empty_space][vc_column_text css_animation=&#8221;fadeInUp&#8221;] 1. Responsable del tratamiento de datos personales Apolonce, S.A de C.V. (en lo sucesivo \u201cLA EMPRESA\u201d) con domicilio ubicado en calle Soledad # 58, Interior 1,&hellip;<\/p>\n","protected":false},"author":1,"featured_media":0,"parent":0,"menu_order":8,"comment_status":"closed","ping_status":"closed","template":"","meta":{"footnotes":""},"categories":[],"tags":[],"class_list":["post-439","page","type-page","status-publish","hentry"],"yoast_head":"<!-- This site is optimized with the Yoast SEO plugin v27.3 - https:\/\/yoast.com\/product\/yoast-seo-wordpress\/ -->\n<title>Pol\u00edticas de privacidad - Apolonce<\/title>\n<meta name=\"robots\" content=\"index, follow, max-snippet:-1, max-image-preview:large, max-video-preview:-1\" \/>\n<link rel=\"canonical\" href=\"https:\/\/www.apolonce.com\/portalapolonce\/wordpress\/politicas-de-privacidad\" \/>\n<meta property=\"og:locale\" content=\"en_US\" \/>\n<meta property=\"og:type\" content=\"article\" \/>\n<meta property=\"og:title\" content=\"Pol\u00edticas de privacidad - Apolonce\" \/>\n<meta property=\"og:description\" content=\"[vc_row full_width=&#8221;stretch_row_content_no_spaces&#8221; parallax=&#8221;content-moving&#8221; css=&#8221;.vc_custom_1710978875563{padding-top: 150px !important;background-image: url(https:\/\/www.apolonce.com\/portalapolonce\/wordpress\/wp-content\/uploads\/2024\/03\/bg-apolonce-titles.svg?id=841) !important;background-position: center;background-repeat: no-repeat !important;background-size: cover !important;}&#8221;][vc_column][vc_column_text] Pol\u00edticas de privacidad [\/vc_column_text][vc_single_image image=&#8221;827&#8243; img_size=&#8221;full&#8221; alignment=&#8221;center&#8221; css=&#8221;.vc_custom_1710978882805{margin-bottom: 0px !important;padding-bottom: 0px !important;}&#8221;][\/vc_column][\/vc_row][vc_row css=&#8221;.vc_custom_1685663928960{padding-top: 80px !important;padding-bottom: 80px !important;}&#8221;][vc_column][vc_column_text] Nuestra pol\u00edtica [\/vc_column_text][vc_empty_space][vc_column_text css_animation=&#8221;fadeInUp&#8221;] 1. Responsable del tratamiento de datos personales Apolonce, S.A de C.V. (en lo sucesivo \u201cLA EMPRESA\u201d) con domicilio ubicado en calle Soledad # 58, Interior 1,&hellip;\" \/>\n<meta property=\"og:url\" content=\"https:\/\/www.apolonce.com\/portalapolonce\/wordpress\/politicas-de-privacidad\" \/>\n<meta property=\"og:site_name\" content=\"Apolonce\" \/>\n<meta property=\"article:modified_time\" content=\"2024-06-25T18:40:07+00:00\" \/>\n<meta name=\"twitter:card\" content=\"summary_large_image\" \/>\n<meta name=\"twitter:label1\" content=\"Est. reading time\" \/>\n\t<meta name=\"twitter:data1\" content=\"7 minutes\" \/>\n<script type=\"application\/ld+json\" class=\"yoast-schema-graph\">{\"@context\":\"https:\\\/\\\/schema.org\",\"@graph\":[{\"@type\":\"WebPage\",\"@id\":\"https:\\\/\\\/www.apolonce.com\\\/portalapolonce\\\/wordpress\\\/politicas-de-privacidad\",\"url\":\"https:\\\/\\\/www.apolonce.com\\\/portalapolonce\\\/wordpress\\\/politicas-de-privacidad\",\"name\":\"Pol\u00edticas de privacidad - Apolonce\",\"isPartOf\":{\"@id\":\"https:\\\/\\\/www.apolonce.com\\\/portalapolonce\\\/wordpress\\\/#website\"},\"datePublished\":\"2023-06-02T00:24:45+00:00\",\"dateModified\":\"2024-06-25T18:40:07+00:00\",\"breadcrumb\":{\"@id\":\"https:\\\/\\\/www.apolonce.com\\\/portalapolonce\\\/wordpress\\\/politicas-de-privacidad#breadcrumb\"},\"inLanguage\":\"en-US\",\"potentialAction\":[{\"@type\":\"ReadAction\",\"target\":[\"https:\\\/\\\/www.apolonce.com\\\/portalapolonce\\\/wordpress\\\/politicas-de-privacidad\"]}]},{\"@type\":\"BreadcrumbList\",\"@id\":\"https:\\\/\\\/www.apolonce.com\\\/portalapolonce\\\/wordpress\\\/politicas-de-privacidad#breadcrumb\",\"itemListElement\":[{\"@type\":\"ListItem\",\"position\":1,\"name\":\"Home\",\"item\":\"https:\\\/\\\/www.apolonce.com\\\/portalapolonce\\\/wordpress\\\/\"},{\"@type\":\"ListItem\",\"position\":2,\"name\":\"Pol\u00edticas de privacidad\"}]},{\"@type\":\"WebSite\",\"@id\":\"https:\\\/\\\/www.apolonce.com\\\/portalapolonce\\\/wordpress\\\/#website\",\"url\":\"https:\\\/\\\/www.apolonce.com\\\/portalapolonce\\\/wordpress\\\/\",\"name\":\"Apolonce\",\"description\":\"Plataforma para vender m&aacute;s y mejor en Mercado Libre.\",\"potentialAction\":[{\"@type\":\"SearchAction\",\"target\":{\"@type\":\"EntryPoint\",\"urlTemplate\":\"https:\\\/\\\/www.apolonce.com\\\/portalapolonce\\\/wordpress\\\/?s={search_term_string}\"},\"query-input\":{\"@type\":\"PropertyValueSpecification\",\"valueRequired\":true,\"valueName\":\"search_term_string\"}}],\"inLanguage\":\"en-US\"}]}<\/script>\n<!-- \/ Yoast SEO plugin. -->","yoast_head_json":{"title":"Pol\u00edticas de privacidad - Apolonce","robots":{"index":"index","follow":"follow","max-snippet":"max-snippet:-1","max-image-preview":"max-image-preview:large","max-video-preview":"max-video-preview:-1"},"canonical":"https:\/\/www.apolonce.com\/portalapolonce\/wordpress\/politicas-de-privacidad","og_locale":"en_US","og_type":"article","og_title":"Pol\u00edticas de privacidad - Apolonce","og_description":"[vc_row full_width=&#8221;stretch_row_content_no_spaces&#8221; parallax=&#8221;content-moving&#8221; css=&#8221;.vc_custom_1710978875563{padding-top: 150px !important;background-image: url(https:\/\/www.apolonce.com\/portalapolonce\/wordpress\/wp-content\/uploads\/2024\/03\/bg-apolonce-titles.svg?id=841) !important;background-position: center;background-repeat: no-repeat !important;background-size: cover !important;}&#8221;][vc_column][vc_column_text] Pol\u00edticas de privacidad [\/vc_column_text][vc_single_image image=&#8221;827&#8243; img_size=&#8221;full&#8221; alignment=&#8221;center&#8221; css=&#8221;.vc_custom_1710978882805{margin-bottom: 0px !important;padding-bottom: 0px !important;}&#8221;][\/vc_column][\/vc_row][vc_row css=&#8221;.vc_custom_1685663928960{padding-top: 80px !important;padding-bottom: 80px !important;}&#8221;][vc_column][vc_column_text] Nuestra pol\u00edtica [\/vc_column_text][vc_empty_space][vc_column_text css_animation=&#8221;fadeInUp&#8221;] 1. Responsable del tratamiento de datos personales Apolonce, S.A de C.V. (en lo sucesivo \u201cLA EMPRESA\u201d) con domicilio ubicado en calle Soledad # 58, Interior 1,&hellip;","og_url":"https:\/\/www.apolonce.com\/portalapolonce\/wordpress\/politicas-de-privacidad","og_site_name":"Apolonce","article_modified_time":"2024-06-25T18:40:07+00:00","twitter_card":"summary_large_image","twitter_misc":{"Est. reading time":"7 minutes"},"schema":{"@context":"https:\/\/schema.org","@graph":[{"@type":"WebPage","@id":"https:\/\/www.apolonce.com\/portalapolonce\/wordpress\/politicas-de-privacidad","url":"https:\/\/www.apolonce.com\/portalapolonce\/wordpress\/politicas-de-privacidad","name":"Pol\u00edticas de privacidad - Apolonce","isPartOf":{"@id":"https:\/\/www.apolonce.com\/portalapolonce\/wordpress\/#website"},"datePublished":"2023-06-02T00:24:45+00:00","dateModified":"2024-06-25T18:40:07+00:00","breadcrumb":{"@id":"https:\/\/www.apolonce.com\/portalapolonce\/wordpress\/politicas-de-privacidad#breadcrumb"},"inLanguage":"en-US","potentialAction":[{"@type":"ReadAction","target":["https:\/\/www.apolonce.com\/portalapolonce\/wordpress\/politicas-de-privacidad"]}]},{"@type":"BreadcrumbList","@id":"https:\/\/www.apolonce.com\/portalapolonce\/wordpress\/politicas-de-privacidad#breadcrumb","itemListElement":[{"@type":"ListItem","position":1,"name":"Home","item":"https:\/\/www.apolonce.com\/portalapolonce\/wordpress\/"},{"@type":"ListItem","position":2,"name":"Pol\u00edticas de privacidad"}]},{"@type":"WebSite","@id":"https:\/\/www.apolonce.com\/portalapolonce\/wordpress\/#website","url":"https:\/\/www.apolonce.com\/portalapolonce\/wordpress\/","name":"Apolonce","description":"Plataforma para vender m&aacute;s y mejor en Mercado Libre.","potentialAction":[{"@type":"SearchAction","target":{"@type":"EntryPoint","urlTemplate":"https:\/\/www.apolonce.com\/portalapolonce\/wordpress\/?s={search_term_string}"},"query-input":{"@type":"PropertyValueSpecification","valueRequired":true,"valueName":"search_term_string"}}],"inLanguage":"en-US"}]}},"_links":{"self":[{"href":"https:\/\/www.apolonce.com\/portalapolonce\/wordpress\/wp-json\/wp\/v2\/pages\/439","targetHints":{"allow":["GET"]}}],"collection":[{"href":"https:\/\/www.apolonce.com\/portalapolonce\/wordpress\/wp-json\/wp\/v2\/pages"}],"about":[{"href":"https:\/\/www.apolonce.com\/portalapolonce\/wordpress\/wp-json\/wp\/v2\/types\/page"}],"author":[{"embeddable":true,"href":"https:\/\/www.apolonce.com\/portalapolonce\/wordpress\/wp-json\/wp\/v2\/users\/1"}],"replies":[{"embeddable":true,"href":"https:\/\/www.apolonce.com\/portalapolonce\/wordpress\/wp-json\/wp\/v2\/comments?post=439"}],"version-history":[{"count":3,"href":"https:\/\/www.apolonce.com\/portalapolonce\/wordpress\/wp-json\/wp\/v2\/pages\/439\/revisions"}],"predecessor-version":[{"id":1423,"href":"https:\/\/www.apolonce.com\/portalapolonce\/wordpress\/wp-json\/wp\/v2\/pages\/439\/revisions\/1423"}],"wp:attachment":[{"href":"https:\/\/www.apolonce.com\/portalapolonce\/wordpress\/wp-json\/wp\/v2\/media?parent=439"}],"wp:term":[{"taxonomy":"category","embeddable":true,"href":"https:\/\/www.apolonce.com\/portalapolonce\/wordpress\/wp-json\/wp\/v2\/categories?post=439"},{"taxonomy":"post_tag","embeddable":true,"href":"https:\/\/www.apolonce.com\/portalapolonce\/wordpress\/wp-json\/wp\/v2\/tags?post=439"}],"curies":[{"name":"wp","href":"https:\/\/api.w.org\/{rel}","templated":true}]}}